c. What is the units digit of t?
9
Let n(d) = -4*d**2 - 14*d - 9. Let w be n(-8). Let j = w + 1122. What is the units digit of j?
9
Let a be (5/(30/(-4)))/(50/(-1425)). Suppose 17*t = a*t + 3*o - 2868, 5*o + 2884 = 2*t. What is the units digit of t?
7
Let k = -595 - -607. Suppose 4*i + 14*b - 1216 = k*b, -b = i - 305. What is the units digit of i?
3
Let t(s) = 56*s + 7. Let k be t(3). Suppose -k = -v + 124. What is the tens digit of v?
9
Suppose 0 = -36*j + 2*j + 86156. Suppose 43*v - 29*v = j. What is the tens digit of v?
8
What is the units digit of (17 - 107625/14)/((-3)/6)?
1
Let h = -106709 - -171418. What is the ten thousands digit of h?
6
Let s be (116/(-8) + -4)*-2. Suppose -5005 = s*r - 49849. What is the thousands digit of r?
1
Let o be (-823)/11 + 30/(-165). Let v = o + 73. What is the tens digit of -1 - ((-8)/(-4) - (-216)/v)?
0
Suppose 2*d + 3*a = -219, a - 539 = 28*d - 23*d. Let k(g) = g**3 - 9*g**2 + 2*g + 2. Let p be k(6). Let j = p - d. What is the units digit of j?
4
Let c(n) = -n**3 + 4*n**2 - 4*n + 8. Let m be c(3). What is the units digit of (-1119)/(-3) - (m + -7)/(-2)?
2
What is the hundreds digit of (-4 + (-224)/(-40))*140105/14?
0
Let w be (-10 - -20)*1506/15. Suppose 230 = v - 4*b, -4*v - b - 4*b = -w. What is the tens digit of v?
4
Suppose -4 = -14*x + 13*x. Suppose d = -x*d + 690. Let t = d + -72. What is the units digit of t?
6
Suppose -74*l + 67*l + 266 = 0. Suppose -l*w + 30087 - 1131 = 0. What is the hundreds digit of w?
7
Let j(n) = -93*n - 42. Let b be j(-12). Suppose -14*t + b = -8*t. What is the hundreds digit of t?
1
Let r = -1605 - -4023. What is the units digit of r?
8
Let i(n) = n + 4. Suppose 3*s - 4*m = 4, -4*s + 2*m + 2*m + 4 = 0. Let b be i(s). What is the units digit of ((-11)/b)/((-5)/220)?
1
Let v = -126 + 246. Let o be (-2)/(-6) + v/45. Suppose o*x - 122 = 196. What is the tens digit of x?
0
Let y(j) be the second derivative of -j**5/5 + 3*j**4/4 + 5*j**3/3 + 3*j**2/2 - 7*j. Let f be y(7). What is the units digit of f/99*(2/(-4) - 1)?
3
Let d = 116765 - 69998. What is the thousands digit of d?
6
Let k(b) = 16*b - 2*b + 63*b**2 + 1 + 14*b - 31*b**2. What is the units digit of k(-5)?
1
Let l(d) = 1089*d**2 + 2*d - 1. Let j be l(1). What is the hundreds digit of -3 + (48/15)/(4/j)?
8
Let i = -44 + 67. Let n(t) = -t**3 + 6*t**2 - t + 6. Let o be n(0). Suppose -o*q + i = -5*q. What is the tens digit of q?
2
Let z(d) = d**3 + 9*d**2 - 7*d - 21. Let m be z(-11). Suppose -2*k = -k - 275. Let p = m + k. What is the units digit of p?
9
Suppose -32*g + 171639 = 15703. What is the hundreds digit of g?
8
Let t(x) = -16*x**3 + 2*x**2 + 5*x + 3. Let u be t(6). Let o = u + 2346. What is the hundreds digit of (-3 + 1)/(5/o*3)?
1
Let f(c) = 15*c**2 - 371*c + 40. What is the ten thousands digit of f(67)?
4
Let o = -11 - -30. Suppose 4*y + y = 3*b - 172, 4*y = 4*b - 232. Let k = o + b. What is the tens digit of k?
7
Let p be (0 + 2 - 3)*5. Let j(q) = 90*q - 186. Let s(m) = 61*m - 123. Let c(l) = 5*j(l) - 8*s(l). What is the hundreds digit of c(p)?
2
Let f = 908 + 32096. What is the units digit of f?
4
Suppose -24*s = -19*s - 5435. Suppose 5*i - l + s = 7*i, -2*i - 3*l + 1077 = 0. What is the tens digit of i?
4
Suppose -12*j + 33 = -j. What is the tens digit of 200 - (1 - j) - 1?
0
Suppose 8019 = -6*c + 1287. Let k = c + 1855. What is the tens digit of k?
3
What is the hundreds digit of 62738/26 + 11 + 1?
4
Suppose -60*f + 290520 = -45*f. Suppose n - f = -23*n. What is the tens digit of n?
0
Let w(x) = -x + 11. Let c be w(8). Suppose -c*i - 2*b = -16, 3*i + 5*b + 1 = 5. What is the units digit of (188/i)/(6/12)?
7
Suppose 164*x - 2531824 - 4584823 = -1065867. What is the units digit of x?
5
Let y(z) = -449*z**3 - 4*z**2 - 47*z - 132. What is the units digit of y(-5)?
8
Let k be 526/8 + (36/(-48) - 0). Suppose 0 = n - 3*n + 6. Suppose n*m = k + 67. What is the units digit of m?
4
Let c = 395 + -390. Suppose 6*x = 4*x + c*m + 1483, 0 = 2*m - 10. What is the units digit of x?
4
Let d = 230 + 313. Suppose -9*y + 7356 = d. What is the tens digit of y?
5
Suppose 53*b = 56*b + 3*p - 37047, 49354 = 4*b - 3*p. What is the hundreds digit of b?
3
Let d(g) = -g + 24. Let s be d(0). Suppose -11*i + 7*i = -s. Suppose 0 = 4*p - c - 440, -2*p + i*p + 2*c = 452. What is the hundreds digit of p?
1
Let y(p) = -41*p + 28. Suppose -27*z - 63 = -18*z. What is the tens digit of y(z)?
1
Let t be 62/930 + (-830)/75. Let i(d) = -5*d**2 - 9*d. Let z(u) = 14*u**2 + 26*u. Let s(o) = -17*i(o) - 6*z(o). What is the tens digit of s(t)?
5
Let q(a) be the first derivative of a**3/3 + a**2 + 3. Let z be q(-3). What is the units digit of ((-1)/z)/(24/(-1368))?
9
Suppose 22*t + 0*t - 32444 = 49990. What is the hundreds digit of t?
7
Let s = 123109 - 79587. What is the ten thousands digit of s?
4
Let u be 1800/(-80)*(1 + 85*1). Let l = u + 3252. What is the thousands digit of l?
1
Let o be (-18)/4 + (-1)/(-2). Let z(j) = -8080*j**2 + 4039*j**2 - 3*j + 4042*j**2 - j**3. What is the tens digit of z(o)?
9
Let c(j) = 216*j**2 + 18*j - 39. What is the ten thousands digit of c(-7)?
1
Let l = 18029 + -9390. What is the thousands digit of l?
8
Let h = -12696 - -24154. What is the thousands digit of h?
1
Suppose 9*o = -16*o + 11*o + 153692. What is the hundreds digit of o?
9
Suppose -2*n = 5*a + 7, -a - 1 = 4. Suppose -3*s = -6*s - n, 4*s + 10 = -2*g. What is the hundreds digit of g/(27/5151) + (-26)/(-117)?
1
Let i = -1043 + 1538. Let h = i - 268. Suppose -4*u = -157 - h. What is the tens digit of u?
9
Let q = -74116 - -111838. What is the tens digit of q?
2
Suppose 19*t = 10*t + 27. Suppose -3*i - i - t = -s, -4 = -4*i. Suppose s*k - 9*k + 252 = 0. What is the units digit of k?
6
Suppose 4*q - 172*c = -175*c + 176419, -5 = -5*c. What is the tens digit of q?
0
Let h(v) = -9*v**3 - 5*v**2 - 3*v + 1. Let w(z) = 19*z**3 + 11*z**2 + 7*z - 2. Let b(i) = -13*h(i) - 6*w(i). Let m = 57 + -54. What is the units digit of b(m)?
2
Let w = -3732 + 5676. Suppose -2930 = -3*q - r, 0*q - 3*r + w = 2*q. What is the units digit of q?
8
Let p = 34 + -51. Let a = p - -149. Suppose 10*l - 18 = a. What is the tens digit of l?
1
Let u(w) = -w + 27. Suppose o + 6 = 3*a + 8, 0 = 2*o - 4. Suppose 0 = 3*t + 5*p - 0 + 18, a = -2*p. What is the tens digit of u(t)?
3
Let m(r) = -r**2 - 4*r + 1. Let x be m(-7). What is the hundreds digit of (188/(-10))/(202/x + 10)?
1
Let r = -212 + 216. Suppose r*x + 4*x = 4136. What is the hundreds digit of x?
5
Let s = 59 + 41. Suppose -29*n = -4*n - s. What is the units digit of n?
4
Suppose -1311 - 681 = -4*z. Let q = -286 + z. Let k = -97 + q. What is the tens digit of k?
1
Suppose -f = 6 - 2. Let b be -4 - 2586/(-24) - 1/f. Let d = -24 + b. What is the tens digit of d?
8
Suppose -4*u = -5*r - 3042, -3*r - 2*u = -r + 1206. Let q = r + 861. What is the tens digit of q?
5
Suppose -40*r = -200*r + 2751910 + 2001850. What is the ten thousands digit of r?
2
Let q = -23545 - -36020. What is the ten thousands digit of q?
1
Suppose -3*z + 6*z = -0*z. Suppose z*i - 10*i = 0. Let q(a) = 3*a + 175. What is the units digit of q(i)?
5
Suppose -196 = -3*s - 58. Let r = 47 - s. Let p(c) = 68*c. What is the units digit of p(r)?
8
Suppose -6833*p - 5243 + 16799 = -6824*p. What is the hundreds digit of p?
2
Let c = -27 + 29. Let p be (4/10)/(2/(140/c)). Let m(b) = b**2 - 2*b + 23. What is the tens digit of m(p)?
9
What is the ten thousands digit of -12889*-1*(-4)/14*(159 - 166)?
2
Suppose 4*t - 50 = 2*n, -n = 5*t - 18 - 48. Let y = -12 + t. What is the tens digit of (-3)/3*y - -19*1?
1
Suppose 45522 = 2*t - x, 399*t - 394*t - 5*x = 113810. What is the tens digit of t?
6
Let f = -1445 + 3831. What is the units digit of f?
6
Let i = -386 - -150. Let x = i - -500. Suppose 0 = -5*m + m + x. What is the tens digit of m?
6
Let u(y) = 3*y - 46. Let d be u(26). Let b = d + -37. Let o(k) = -8*k - 15. What is the tens digit of o(b)?
2
Let v = -10 + 10. Suppose d + 30 - 154 = v. Suppose 3*a - 172 = 3*j + j, 0 = 2*a - 5*j - d. What is the units digit of a?
2
Let m = -155 - -69. Let t = 248 + m. What is the units digit of t?
2
Let j(x) = -7*x**3 - 2*x**2 - 10*x + 4. Let b be 2/3*(-270)/45. What is the units digit of j(b)?
0
Let k be (-36)/(-28) + (-2)/7. Suppose 0 = -g + 2*g - b